late the remainder when 9028 is divided by 9.
1
What is the remainder when 1254 is divided by 126?
120
Calculate the remainder when 17547 is divided by 23.
21
What is the remainder when 197 is divided by 67?
63
Calculate the remainder when 164 is divided by 21.
17
What is the remainder when 387 is divided by 17?
13
What is the remainder when 154 is divided by 26?
24
Calculate the remainder when 262 is divided by 22.
20
Calculate the remainder when 325 is divided by 139.
47
Calculate the remainder when 1797 is divided by 18.
15
What is the remainder when 535 is divided by 27?
22
Calculate the remainder when 499 is divided by 63.
58
Calculate the remainder when 452 is divided by 91.
88
What is the remainder when 212 is divided by 34?
8
Calculate the remainder when 182 is divided by 27.
20
What is the remainder when 299 is divided by 39?
26
What is the remainder when 978 is divided by 33?
21
What is the remainder when 261 is divided by 38?
33
Calculate the remainder when 160 is divided by 21.
13
Calculate the remainder when 1599 is divided by 531.
6
Calculate the remainder when 89 is divided by 48.
41
What is the remainder when 2677 is divided by 134?
131
Calculate the remainder when 378 is divided by 96.
90
What is the remainder when 164 is divided by 24?
20
Calculate the remainder when 7274 is divided by 404.
2
What is the remainder when 159 is divided by 20?
19
Calculate the remainder when 963 is divided by 248.
219
Calculate the remainder when 1148 is divided by 337.
137
What is the remainder when 128 is divided by 10?
8
Calculate the remainder when 977 is divided by 198.
185
What is the remainder when 80 is divided by 43?
37
What is the remainder when 3222 is divided by 534?
18
Calculate the remainder when 1459 is divided by 7.
3
What is the remainder when 448 is divided by 42?
28
What is the remainder when 92 is divided by 50?
42
What is the remainder when 256 is divided by 133?
123
What is the remainder when 1072 is divided by 372?
328
What is the remainder when 5029 is divided by 39?
37
What is the remainder when 13296 is divided by 31?
28
Calculate the remainder when 492 is divided by 21.
9
Calculate the remainder when 241 is divided by 31.
24
Calculate the remainder when 561 is divided by 21.
15
Calculate the remainder when 121 is divided by 45.
31
What is the remainder when 83698 is divided by 20?
18
Calculate the remainder when 1328 is divided by 332.
0
Calculate the remainder when 1818 is divided by 70.
68
What is the remainder when 143 is divided by 36?
35
Calculate the remainder when 1472 is divided by 111.
29
What is the remainder when 1760 is divided by 36?
32
Calculate the remainder when 3435 is divided by 7.
5
What is the remainder when 1413 is divided by 662?
89
What is the remainder when 472 is divided by 84?
52
What is the remainder when 19 is divided by 7?
5
What is the remainder when 155 is divided by 42?
29
Calculate the remainder when 1805 is divided by 16.
13
Calculate the remainder when 170 is divided by 30.
20
What is the remainder when 1840 is divided by 5?
0
Calculate the remainder when 89 is divided by 24.
17
What is the remainder when 193 is divided by 171?
22
Calculate the remainder when 81 is divided by 17.
13
Calculate the remainder when 42 is divided by 19.
4
Calculate the remainder when 65722 is divided by 25.
22
What is the remainder when 517 is divided by 10?
7
Calculate the remainder when 53 is divided by 53.
0
What is the remainder when 1342 is divided by 168?
166
What is the remainder when 158 is divided by 12?
2
What is the remainder when 760 is divided by 45?
40
What is the remainder when 92 is divided by 24?
20
What is the remainder when 277 is divided by 162?
115
What is the remainder when 2758 is divided by 115?
113
Calculate the remainder when 27 is divided by 9.
0
Calculate the remainder when 1173 is divided by 55.
18
What is the remainder when 72 is divided by 17?
4
What is the remainder when 82 is divided by 21?
19
What is the remainder when 106 is divided by 27?
25
What is the remainder when 514 is divided by 104?
98
Calculate the remainder when 254 is divided by 13.
7
Calculate the remainder when 145 is divided by 30.
25
What is the remainder when 403 is divided by 81?
79
Calculate the remainder when 166 is divided by 35.
26
What is the remainder when 71 is divided by 24?
23
Calculate the remainder when 33 is divided by 18.
15
What is the remainder when 3715 is divided by 1847?
21
What is the remainder when 249 is divided by 117?
15
Calculate the remainder when 23 is divided by 4.
3
What is the remainder when 246 is divided by 31?
29
What is the remainder when 898 is divided by 116?
86
What is the remainder when 122 is divided by 56?
10
Calculate the remainder when 46 is divided by 6.
4
What is the remainder when 59 is divided by 16?
11
What is the remainder when 177 is divided by 69?
39
Calculate the remainder when 379 is divided by 43.
35
Calculate the remainder when 201 is divided by 9.
3
Calculate the remainder when 6757 is divided by 26.
23
What is the remainder when 190 is divided by 65?
60
Calculate the remainder when 102 is divided by 27.
21
Calculate the remainder when 14 is divided by 7.
0
What is the remainder when 424 is divided by 142?
140
Calculate the remainder when 264 is divided by 94.
76
What is the remainder when 654 is divided by 19?
8
Calculate the remainder when 739 is divided by 242.
13
Calculate the remainder when 1952 is divided by 70.
62
Calculate the remainder when 465 is divided by 18.
15
What is the remainder when 7061 is divided by 124?
117
What is the remainder when 455 is divided by 20?
15
Calculate the remainder when 129 is divided by 7.
3
What is the remainder when 341 is divided by 88?
77
Calculate the remainder when 878 is divided by 33.
20
What is the remainder when 933 is divided by 333?
267
Calculate the remainder when 47 is divided by 19.
9
What is the remainder when 151 is divided by 3?
1
What is the remainder when 133 is divided by 6?
1
What is the remainder when 61943 is divided by 174?
173
Calculate the remainder when 12589 is divided by 8.
5
What is the remainder when 6803 is divided by 3399?
5
Calculate the remainder when 1673 is divided by 31.
30
Calculate the remainder when 459 is divided by 434.
25
Calculate the remainder when 1029 is divided by 316.
81
Calculate the remainder when 450 is divided by 68.
42
Calculate the remainder when 75 is divided by 17.
7
What is the remainder when 118 is divided by 39?
1
Calculate the remainder when 104 is divided by 21.
20
Calculate the remainder when 101 is divided by 26.
23
What is the remainder when 491 is divided by 12?
11
What is the remainder when 215 is divided by 126?
89
What is the remainder when 36 is divided by 16?
4
Calculate the remainder when 296 is divided by 103.
90
What is the remainder when 388 is divided by 56?
52
What is the remainder when 297 is divided by 61?
53
Calculate the remainder when 1604 is divided by 115.
109
Calculate the remainder when 466 is divided by 35.
11
What is the remainder when 521 is divided by 25?
21
What is the remainder when 820 is divided by 161?
15
What is the remainder when 591 is divided by 66?
63
Calculate the remainder when 153 is divided by 66.
21
What is the remainder when 1435 is divided by 11?
5
Calculate the remainder when 15343 is divided by 3066.
13
Calculate the remainder when 179 is divided by 18.
17
What is the remainder when 142 is divided by 50?
42
What is the remainder when 1221 is divided by 57?
24
What is the remainder when 8343 is divided by 8?
7
Calculate the remainder when 667 is divided by 170.
157
Calculate the remainder when 9632 is divided by 22.
18
What is the remainder when 502 is divided by 72?
70
What is the remainder when 651 is divided by 73?
67
Calculate the remainder when 82 is divided by 12.
10
What is the remainder when 193 is divided by 39?
37
Calculate the remainder when 2347 is divided by 4.
3
Calculate the remainder when 877 is divided by 18.
13
What is the remainder when 282 is divided by 6?
0
Calculate the remainder when 57 is divided by 20.
17
What is the remainder when 1366 is divided by 114?
112
Calculate the remainder when 485 is divided by 15.
5
Calculate the remainder when 15 is divided by 14.
1
What is the r